ate the highest common divisor of 297 and k.
33
Suppose 0 = -15*m + 30 + 30. Suppose 3*f - 19 = v, 2*v + 3*v - 9 = 2*f. What is the greatest common divisor of f and m?
4
Let j(n) = -n**3 - 6*n**2 + 15*n + 158. Let g be j(-11). What is the greatest common factor of 46 and g?
46
Let w be (-336)/15 + 2/5. Let t = 32 - w. Calculate the highest common divisor of 36 and t.
18
Suppose -3*g = -5*g. Suppose f = 5*m - 449, g*f - 271 = -3*m - f. What is the greatest common factor of 36 and m?
18
Let v = -43 - -49. Suppose 2*h + v - 14 = 0. Calculate the greatest common divisor of 20 and h.
4
Suppose 14 = 3*j - 16. Suppose -m - 7 = -j. What is the highest common divisor of 1 and m?
1
Let d(q) = -2*q - 1. Suppose 10 = -5*y + w, 5 = y + w + 1. Let r be d(y). Let t = 6 - r. Calculate the greatest common divisor of 5 and t.
5
Suppose 0 = 10*v - 9*v - 21. Calculate the highest common factor of v and 336.
21
Suppose -k - 48 = -4*k. What is the highest common factor of 112 and k?
16
Let o(p) = -p - 1. Let a(u) = 10*u + 2 + 3 + 0 - 3*u. Let g(w) = -a(w) - 4*o(w). Let k be g(-5). What is the greatest common factor of 2 and k?
2
Suppose -549 = 73*a - 82*a. What is the highest common divisor of 61 and a?
61
Suppose 2*t - 350 = 4*m, -4*t = 4*m - 8*t + 340. Let i = m + 92. Calculate the highest common factor of i and 6.
2
Suppose -s + 127 = i, -3*s = 4*i - 589 + 205. Calculate the highest common factor of s and 682.
62
Let u = 590 - 142. What is the greatest common divisor of 64 and u?
64
Suppose 2*p - 9 = -1. Suppose 0*x + p*x + 28 = 0. Let t = 7 - x. Calculate the highest common divisor of 126 and t.
14
Let y = -108 - -228. Calculate the highest common factor of y and 45.
15
Let d(k) = k**2 + 4*k + 39. Let a be d(-10). Calculate the greatest common divisor of a and 165.
33
Suppose 3276 = 195*a - 159*a. Calculate the greatest common divisor of a and 143.
13
Let k(x) = x**2 - 3*x - 68. Let c be k(-9). Calculate the greatest common factor of 2 and c.
2
Let a be (-27)/(-6)*(-40)/(-15). What is the greatest common divisor of 768 and a?
12
Let y = -10 + 22. Suppose 14 = -v + 3*x, 0 = 3*x - 7*x - 8. Let l = 4 - v. What is the greatest common divisor of y and l?
12
Suppose -18*d = -4*d - 2100. What is the highest common factor of d and 375?
75
Suppose 10*d = 13*d - 18. Let v be d + 2/(0 - 1) + 3. Calculate the highest common factor of v and 77.
7
Let m be (4/(-7))/(6/(-21)). Suppose -6*k - 90 = -9*k. Suppose -m*h = -h - k. What is the highest common factor of h and 10?
10
Let y(j) be the first derivative of j**3/3 - 7*j**2/2 + 25*j - 13. Let o be y(15). Calculate the greatest common divisor of o and 58.
29
Let f be 3/(-9) + (-4)/6. Let l be (3 + -4)*f - -3. Calculate the greatest common factor of 36 and l.
4
Suppose 3*q - 198 = 7*f - 11*f, 0 = -2*q + 4*f + 132. What is the greatest common factor of 22 and q?
22
Suppose -11 = 2*g - 5*q, -4 = 6*g - 2*g - 4*q. Suppose 75 - 41 = g*v. What is the highest common factor of v and 136?
17
Let h = 19 - 15. Suppose -h*m = -181 - 11. Calculate the greatest common divisor of m and 12.
12
Suppose 3*h + 21 = 5*h + 5*z, 5*h - 3*z - 6 = 0. Suppose -h*w = 4*i - 117, -5*w = 5*i - 77 - 68. What is the greatest common factor of 30 and i?
30
Let r = 8 + -4. Suppose r*d - 8*d - 128 = 0. Let y = d - -51. What is the greatest common factor of y and 190?
19
Suppose -8*j + 36 = -7*j. Suppose 7*u - 10*u + j = 0. What is the greatest common divisor of 84 and u?
12
Let p(m) = 33*m**2 + 14*m - 25. Let i be p(2). Let c = 47 - 32. Calculate the highest common divisor of c and i.
15
Let b be ((-6)/(-9))/(30/2385). What is the greatest common divisor of b and 636?
53
Suppose g + 119 - 155 = 0. Let d = 3 - 4. Let r be (-4)/6*d*27. Calculate the greatest common factor of g and r.
18
Let m be (-6 - -5)/(1/(-256)). What is the highest common divisor of m and 112?
16
Suppose 3*w - w = 5*i - 118, -2*w - 46 = -2*i. Let o be -2*1 + (-310)/(-5). Calculate the highest common divisor of i and o.
12
Let f be (-9)/(27/(-30)) - -2. Let d = f - 5. Suppose -4*a + d*p - 4*p = -16, -3*a + 2*p + 12 = 0. What is the greatest common divisor of a and 36?
4
Let b(z) = 20*z - 6. Let y be b(2). What is the highest common divisor of 102 and y?
34
Suppose -5*y = 5*q - 45, -3*q - 2*y = -7*y + 5. Let f = q + 4. Let p be 2/(368/180 - 2). Calculate the highest common factor of f and p.
9
Suppose g - 4*g - 2*z = 5, 0 = 4*g + 5*z + 2. Let x be (6/(-4))/(g/10). What is the highest common divisor of x and 2?
1
Let q = -1505 + 1701. Calculate the greatest common factor of 168 and q.
28
Let y = 213 + -203. Calculate the greatest common factor of 50 and y.
10
Let c be 6/4 + -2 + 151/2. Let m be 508/17 - (-2)/17. What is the greatest common divisor of m and c?
15
Let f(y) = -y**3 - 9*y**2 - 38*y + 6. Let z be f(-6). Calculate the highest common factor of z and 9.
9
Let v be (-30)/(-20)*16/6. Suppose -2*o = v*m + 3*o - 124, 122 = 5*m - 2*o. Calculate the highest common divisor of 286 and m.
26
Suppose -5*r = -3*h + 37, -r = -0 + 2. Suppose 60 = z + h. Let p = z - 31. Calculate the greatest common factor of p and 50.
10
Suppose 0 = -2*i + 5*i - 24. Suppose 0 = -4*s + i, -9*a + 5*a + 3*s + 54 = 0. Calculate the greatest common factor of 135 and a.
15
Let c(s) = 5*s**2 - s. Let h be c(1). Let f be 0/((-1)/(h/(-4))). Let n = 22 + f. What is the greatest common factor of n and 44?
22
Let s = -135 + 239. What is the greatest common factor of s and 26?
26
Let l = 22 - 23. Let i be 1/(l/(-8))*9/4. Let s = -4 - -16. Calculate the greatest common factor of i and s.
6
Let l = -10 + 16. Let f be (4/6)/(l/(-45)). Let i be (6/f)/((-1)/5). What is the greatest common factor of 4 and i?
2
Let f be 12/((-1)/6*-9). Suppose -4*v - 3 - f = 3*a, a = -4*v - 9. Let s be 108*1*v/(-3). What is the highest common divisor of 9 and s?
9
Suppose -13*u + 7*u = -702. Calculate the greatest common divisor of 171 and u.
9
Let t(c) = -c**3 + 10*c**2 + 12*c - 6. Let v be t(11). Let s be 125 - (0/1)/(-3). Suppose -v*n + 55 + s = 0. What is the highest common factor of 9 and n?
9
Suppose -5*k + 17 = 2. Suppose k = 5*n - 2*n. What is the greatest common factor of n and 8?
1
Let h = -37 + 52. Let z(u) = u**3 + 16*u**2 - 18*u - 12. Let j be z(-17). Suppose j*x + 3 - 33 = 0. Calculate the highest common divisor of h and x.
3
Let d be (-11 + (-189)/(-15))/(2/55). Calculate the greatest common factor of 396 and d.
44
Suppose -3*u - 15 = -3. Let p be 23/4 - 1/u. Suppose 2*y - 5*v - 4 = 0, -3*v - p = 5*y - 47. Calculate the greatest common factor of 7 and y.
7
Let w(k) = -7*k + 172. Let l be w(18). What is the highest common factor of 138 and l?
46
Suppose 0 = -3*h - 56 + 77. Suppose 441 = h*x - 0. What is the highest common factor of 9 and x?
9
Suppose 3*y = -6, -3*c + 5*c = 5*y - 22. Let x be (c/(-12))/((-3)/(-333)). Let q = 258 - x. What is the greatest common factor of q and 10?
10
Let k be 675/35 - -4*(-2)/28. Calculate the greatest common divisor of k and 361.
19
Let g(z) = -18*z + 14. Let w be g(-17). What is the highest common factor of w and 10?
10
Suppose 5*h - 2 = 148. Let y = h + -29. What is the highest common factor of 1 and y?
1
Suppose -5*k + 2*j + 64 = 0, -2*k - 7 = -3*j - 37. Suppose -52*n = -60*n + 216. Let r be (-1 + 2)*48*n/12. What is the highest common factor of r and k?
12
Let q = -27 - -214. Suppose 0*f + 4*f - 4*s - 80 = 0, 0 = f + 2*s - 11. What is the greatest common divisor of q and f?
17
Let k(z) = z**3 - 9*z**2 + 26*z + 6. Let x be k(6). Calculate the highest common divisor of x and 9.
9
Let s = 321 + -308. Calculate the highest common factor of 637 and s.
13
Suppose k = -2*k - 24. Let h be k/(-3) + (-14)/21. Let o be (-4)/h - 0 - -32. What is the highest common divisor of 10 and o?
10
Let t be ((-3)/(-1))/(-3)*(-16 + 6). Calculate the greatest common divisor of 95 and t.
5
Let b be (-144)/(-9) + -2*2. What is the highest common divisor of 60 and b?
12
Suppose 0 = 3*b - 5*d - 98, 10 = -b + 2*d + 44. Calculate the highest common factor of b and 13.
13
Let r(z) = 3*z - z + 17 + z**2 - 25. Let l be r(6). Let s = l + -31. What is the highest common factor of 45 and s?
9
Let r be ((-32)/20 + 2)*880. What is the greatest common divisor of r and 22?
22
Let h(p) = p**2 + 12*p - 14. Let b be h(-15). Let a(v) = -30*